7*h**2 + 7*h. What is m(v)?
-6
Let c(d) = d + 1. Let s = 68 - 74. Suppose -l + 0 = -11. Let q = l + s. Give c(q).
6
Let s(w) = w**2 - 6*w + 3. Suppose 0 = y + y. Suppose y = -i - 3*k + 7*k + 12, i - 3*k = 10. Suppose 25 = h + i*g, -2*h + 5 = h - 2*g. Determine s(h).
-2
Let b(p) = p**2 + 4*p - 4. Let q be b(-5). Let j be -2 - (q + 1 + -2). Let s(t) = 2*t**2 + 2*t + 2. What is s(j)?
6
Let z(v) = v**2 + 6. Let p(i) = 3*i**2 + 17. Suppose -3*k + 9 + 0 = 0, 3*s = 4*k - 63. Let c(b) = s*z(b) + 6*p(b). Calculate c(-2).
4
Let x(k) be the second derivative of -6*k + 1/20*k**5 - 3*k**2 + 4/3*k**3 - 7/12*k**4 + 0. Calculate x(6).
6
Let b be 6/(-33) - 8/(-44). Let z(t) = t**3 - 3*t - 9. Let p(n) = -n**3 + 2*n + 9. Let o(k) = 4*p(k) + 3*z(k). Calculate o(b).
9
Let i(q) be the first derivative of q**7/840 + q**6/72 - q**5/120 - q**4/8 + 4*q**3/3 - 1. Let a(h) be the third derivative of i(h). Calculate a(-5).
2
Let q = 0 + 2. Suppose 4*g = -16, -q*z + 6*z + 4*g = -8. Let t(f) = 2 + f**2 + 2*f**z - 4*f + f**2 + f**3. What is t(-5)?
-3
Suppose 0 = 4*t + 3*y - 4, -5*t = -0*t + 3*y - 5. Let k(l) = -l**2 - 1 - 5 - t - 3 - 9*l. Determine k(-7).
4
Suppose -g + 1 = -0*g. Let y(n) = -7*n**2 + 5. Let v(s) = 6 + 4 - 9. Let l(p) = 4*v(p) - y(p). Give l(g).
6
Let d(f) = f**2 + 6*f + 6. Suppose -4*z + 10 = -i, 5*z = i - 3 + 16. Suppose -14 = 3*g - o, -5*o + z*o - 2 = 0. Calculate d(g).
1
Let r(h) = h + 1. Let d = -10 + 6. Let s(t) = -2*t - 5. Let y be s(d). Calculate r(y).
4
Let d(v) be the third derivative of -v**4/24 + 5*v**2. Determine d(6).
-6
Suppose -4*t = 5*k - 9, -6*t + t - 4*k = -9. Let j = t + 4. Let c(v) be the second derivative of v**3/6 + 2*v. Calculate c(j).
5
Let j(l) = l**2 + 9*l + 6. Let b be j(-7). Let o = b + 6. Let m(f) = f**3 + f - 1. Let q(r) = -3*r**3 + r**2 - 4*r + 6. Let d(a) = 4*m(a) + q(a). Give d(o).
-2
Let r be 74/(-8) + 3/12. Let v be (r/(-2))/(12/16). Let c(u) = u**2 - 5*u - 2. Determine c(v).
4
Suppose -4*y = 12 - 44. Let h = y - 3. Let s(o) = o**2 - 5*o - 4. Give s(h).
-4
Let c(s) = -s**2 + 3*s + 5. Let t = 8 + -11. Let n be t/(-2)*(-20)/(-6). Determine c(n).
-5
Let u = -1 + -3. Let z(y) be the first derivative of y**3/3 + 2*y**2 + 4*y - 1. Let v(i) = -i**2 - 4*i - 4. Let g(l) = u*v(l) - 5*z(l). Give g(-4).
-4
Suppose 4*i + s - 9 = 2, 2*i + 2 = -2*s. Let r(u) = u**2 - 3*u - 2. Let z be r(i). Let d(c) = 5*c - 1. What is d(z)?
9
Let w(k) = 2*k + 1. Suppose -3*s = a - 9, -3*a + 3 = s - 0*a. Let j = -15 + 23. Suppose z = s*z + j. Calculate w(z).
-7
Let l(n) = n**3 + n**2 - 2*n. Let d be l(2). Let q = -12 + d. Let c(i) = i**3 - i. Let j(p) = 6*p**3 + 4*p**2 - 3*p + 1. Let h(f) = 5*c(f) - j(f). Give h(q).
7
Let q(h) = h**3 - 5*h**2 - 3*h + 7. Let g be (1/(-3))/(1/(-30)). Suppose v = -v + g. Determine q(v).
-8
Let k(i) = -2*i + 3. Let j be k(2). Let p(u) = -5*u**3 - 2*u**2 - 2*u - 1. Give p(j).
4
Let l(q) = 2*q**3 + q - 1. Let m(z) be the first derivative of -z**4/4 - 5*z**3/3 - 3*z**2/2 + 5*z + 5. Let f be m(-4). Calculate l(f).
2
Let h(c) be the second derivative of c**5/20 + 7*c**4/12 + c**3/6 + 9*c**2/2 + 4*c. Calculate h(-7).
2
Let f(b) be the first derivative of -b - 3/2*b**2 - 2/3*b**3 + 2. Determine f(-2).
-3
Let x(r) = -r**3 + 5*r**2 - 5*r - 1. Let v = -56 + 60. What is x(v)?
-5
Let t(w) = -w**3 - 4*w**2 - w + 1. Let s(r) = r**3 + 12*r**2 + 10*r - 8. Let m be s(-11). Suppose 0*b = m*b + 9. Calculate t(b).
-5
Let i(c) = -c. Let h be i(6). Let f(s) = s**2 + 7*s + 8. Give f(h).
2
Let o(t) = t + 1. Let n be o(1). Suppose 3*r = 6, -5*x - r + 2 = -10. Let h(f) = f**2 + 3*f + 1 + f**x - 6*f. Determine h(n).
3
Let t(o) = -o**2 + 4*o + 5. Let w(d) = 1. Let x(i) = -t(i) - 2*w(i). What is x(6)?
5
Let j(v) = -8*v + 1 + v**3 + 8*v**2 + 7 + 5. Determine j(-9).
4
Let c be 40/18 - 8/36. Let a(h) = 3*h**2 + 3*h**2 - 2*h**c + 3*h**3 - 4*h**3 + h. Suppose 0 = 3*k - 4*k - 3*q + 16, 3*k - 4 = 2*q. Calculate a(k).
4
Suppose -k - 3 = -6. Let n(i) = -1 - 2 - i**2 - 6 + 6 + 4*i. Determine n(k).
0
Let t(z) = -z**3 - 5*z**2 + 6*z - 2. Let s(i) = -7*i + 1. Let g be s(1). What is t(g)?
-2
Let n(r) = 2*r - 4. Let d = -55 + 61. Give n(d).
8
Let k(w) = -2*w - 5. Let d(g) = 3*g + 6. Let v be (-36)/(-7) - 4/28. Let m(o) = v*k(o) + 4*d(o). Calculate m(-2).
-5
Let m(h) = -h**2 - h + 1. Let g(x) = -3*x**2 - 2*x - 1. Let q(o) = o**2 - 9*o + 12. Let j be q(8). Let u(a) = j*m(a) - g(a). Calculate u(-4).
-3
Let v(c) be the first derivative of c**6/10 - c**5/60 + 2*c**2 + 1. Let z(j) be the second derivative of v(j). What is z(1)?
11
Let g(x) = x**2 + 4*x - 8. Let l be g(-5). Let u(y) = -3*y**2 - 2 + 5 - y**3 + 2*y - 1. Give u(l).
-4
Let f = -12 + 6. Let c(s) = 2*s + 121 - 114 - s. Let l be c(f). Let u(x) = -11*x**3 + x. Give u(l).
-10
Let a(o) be the second derivative of -2*o**3/3 + o**2/2 - 5*o. Let b = 0 - 1. Let u = -2 - b. Calculate a(u).
5
Suppose 4*t - 2 + 14 = 0. Let q(x) = -x - 1. Give q(t).
2
Let p(t) be the first derivative of -t**4/4 + 4*t**3/3 + t**2 - 6*t + 10. What is p(4)?
2
Let w(b) = b - 1. Let d = 4 + -1. Let s be (2 - (-3)/d)/1. Let g = 7 - s. What is w(g)?
3
Let l = 12 + -7. Let i(u) = u**3 - 6*u**2 + 7*u. What is i(l)?
10
Let r(t) = t**3 + 3*t**2 + 3*t + 4. Suppose -34 + 43 = -3*k. Calculate r(k).
-5
Let n(m) = -m**2 - 6*m + 9. Let h be ((-40)/25)/((-2)/(-10)). Calculate n(h).
-7
Let y(n) be the third derivative of -n**6/120 + n**5/10 + 7*n**4/24 - n**3/3 - 10*n**2. Determine y(7).
-2
Let k(o) be the third derivative of o**6/120 - o**5/60 - o**4/24 - 4*o**2. What is k(-1)?
-1
Suppose -5*s = -7*s - 6. Let v(d) = 6*d. Let k(p) = 5*p + 1. Let c(m) = -3*k(m) + 2*v(m). Determine c(s).
6
Let j be 3*-1*(-2 + 1). Let t(w) = -3*w - 6. Let g(f) = -6*f - 12. Let p(r) = j*g(r) - 5*t(r). What is p(-5)?
9
Suppose 2*w - w = 0. Let c = 0 + w. Let q(b) = -6*b**2 + b - 2*b + c*b + 2*b - b**3 + 2. Determine q(-6).
-4
Let q(u) be the third derivative of u**5/60 - u**4/6 - u**3 - 2*u**2 + 6. Determine q(6).
6
Let p(l) = -l**2 + 7*l + 5. Let v(q) = q**2 - 8*q + 8. Let y be v(8). Give p(y).
-3
Let r = 70 + -71. Let s(f) = 4*f. Determine s(r).
-4
Suppose 0*l - 5*b = -4*l + 33, 2*l + 21 = -5*b. Let d(r) be the second derivative of -1/6*r**3 + 1/2*r**l + 0 + 3*r. What is d(1)?
0
Suppose 4*s + 2*z = 5*s - 19, -5*s - 3*z = -56. Let j = -7 + s. Let y(w) = 2*w - j*w**3 - w**2 - 2*w. Give y(1).
-7
Suppose 3*d - 3 + 0 = 0. Let y(t) = -t - d + t**2 - t**2 - t**2 + 2. Calculate y(1).
-1
Suppose -4*u = -3*f - 2, -5*f + 4*u - u = -15. Let c(g) = -f*g + 4 + g**2 - 2 - 4. Suppose 2*z - 33 = -4*y - 3, -y = 4*z - 25. Determine c(y).
-7
Let o(a) be the first derivative of a**3/6 + a**2 + 5*a - 1. Let w(g) be the first derivative of o(g). What is w(2)?
4
Let s be 2/(-5) - (-7)/5. Let y(t) = -2 + 5*t**3 + s + 0. Let r = -7 - -6. Calculate y(r).
-6
Let a(q) = -q**2 + 2*q. Let r be a(3). Let k = 17 - 11. Let h(n) = 0*n - 1 + 3*n - k*n. Give h(r).
8
Let x(u) = u**3 + u**2 - 3*u - 3. Let h(z) = -z**3 - 7*z**2 + 7*z - 10. Let w be h(-8). Calculate x(w).
-1
Let p(j) = -j**3 - 4*j**2 - j + 1. Suppose -2*f = 2*t + 44, 0*f + 62 = -3*t - 2*f. Let m be 3/(t/(-21))*2. Let n = m - 11. Determine p(n).
5
Let i(v) = -v. Let k(z) = -2*z. Suppose 0 = r + j, 2*j = -3*r + 4*j - 25. Let y(q) = r*i(q) + 3*k(q). What is y(1)?
-1
Let t(p) = p + 1. Suppose -18 = 3*q - 6*q. Let i(g) = -q*g + 0 - 7 + 1. Let h(r) = 2*i(r) + 11*t(r). Determine h(-1).
0
Let a(k) be the second derivative of k**6/120 - k**5/12 + k**4/6 + k**3/3 - k**2 - k. Let i(d) be the first derivative of a(d). Determine i(4).
2
Let b(c) = c**2 + 12*c + 12. Let d be b(-11). Suppose -8 = -3*a + d. Let u(h) = -h**2 - 2*h + 3. Calculate u(a).
-12
Suppose r - 2 = 2*r, 5*r = 4*z + 6. Let l(v) be the first derivative of v**4/4 + 4*v**3/3 - v**2/2 + 2*v - 1. Determine l(z).
6
Let s(m) = m**2 - m + 1. Suppose -12 = 3*a - 3*i, i + 8 = -2*a + a. Let b be 3 + -2*(-3)/a. Suppose p + b - 5 = 0. What is s(p)?
7
Let b(x) be the first derivative of x**4/4 - 5*x**3/3 + x**2 + x + 1. What is b(4)?
-7
Let i(x) = -x**2 + 7*x - 7. Let u be i(5). Let v(t) = t**3 + 4*t**2 + 4*t + u*t - 4*t. What is v(-2)?
2
Let d(g) = -g**2 + g + 1. Let f(h) = h + 7. Let p be f(-10). Determine d(p).
-11
Let q(b) = b**3 - 7*b**2 - 7*b - 11. Let h be q(8). Let r(a) = 4*a - 1. Let c(v) = 5*v - 1. L